s - 6*s**3 + 6*s**2. What are the prime factors of w(-7)?
3, 7
Suppose -m + 6*h = -4267, -4*m - 19*h + 16952 = -14*h. List the prime factors of m.
4243
Suppose 26*j = j + 14250. What are the prime factors of j?
2, 3, 5, 19
Let v(w) = -w**2 - 4*w + 1. Let s be v(-3). Suppose -5*m - 3*f = -15 - 5, -20 = -5*m + s*f. Suppose 0 = m*z - 96 - 76. List the prime factors of z.
43
Suppose -12*d + 2064 = -660. List the prime factors of d.
227
Let d(w) = 14*w + 93. List the prime factors of d(10).
233
List the prime factors of (-40 - 377)/((-14)/8 + 1).
2, 139
Suppose -49*v - 8866 = -56592. What are the prime factors of v?
2, 487
Let u = 6 - 2. Let y = 2 + u. Let h(d) = d**3 - 6*d**2 + 3*d + 4. What are the prime factors of h(y)?
2, 11
Suppose 0 = 3*u - 4*u + 116. Suppose 4*n - u = -4*r, -r - 4*n = -n - 29. Let i = r - 6. List the prime factors of i.
23
Let z = -13 + -1. Let d(s) = -7*s + 2. List the prime factors of d(z).
2, 5
Let l(q) = -q**3 + 8*q**2 + 10*q - 6. Let r be l(9). Suppose -36 = -2*u + 4*p, -5*u + 8*p = 3*p - 75. List the prime factors of (r/6)/(2/u).
3
Let g(o) = 3*o - 5. Let j be g(4). Let l(p) = p**2 - 7*p + 1. Let h be l(j). List the prime factors of 3*(13 + 0) + h.
2, 5
Let j be (-4 - 8)*(-2)/3. Suppose 4*y = 6*y - j. Suppose 0*q - 208 = -y*q. List the prime factors of q.
2, 13
Suppose -2*l - 4*k + 693 = -l, -3*l + 2*k + 2037 = 0. What are the prime factors of l?
3, 227
Let p = 1699 + 607. List the prime factors of p.
2, 1153
Let r(o) = -o**3 - 30*o**2 + 36*o - 56. What are the prime factors of r(-32)?
2, 3, 5, 7
Suppose 34 = 2*v + 2*u - 20, 12 = 4*u. Let k = 19 + -23. Let h = v + k. List the prime factors of h.
2, 5
Suppose 598 = 2*d + 2*o, 723 = 3*d + o - 164. Suppose -3*a + d = -2*k, -490 = -5*a - 0*k - 4*k. Suppose 26 = -3*j + a. What are the prime factors of j?
2, 3
Suppose 0 = -o - 5*y - 37, -4*o + 4*y - 16 = 12. Suppose 3*d + 4*d = -903. What are the prime factors of d/(-9) + 4/o?
2, 7
Let c = 861 - 436. Let x = -268 + c. What are the prime factors of x?
157
Suppose -38*a = -5*b - 37*a + 631, -5*b - 2*a = -628. List the prime factors of b.
2, 3, 7
Let j(a) = 38*a**2 + 16*a - 46. What are the prime factors of j(3)?
2, 43
Let i = 69 - 101. Let x(a) = -3*a**3 + 4*a**2 - 2*a - 2. Let k be x(2). Let h = k - i. List the prime factors of h.
2, 3
Suppose 0*y + 2*f + 9 = 3*y, 0 = 5*y + f - 15. Let h = y + 1. Suppose -3*o + 52 = -h*z, -4*z + 72 = 4*o - 8*z. List the prime factors of o.
2, 5
Suppose -5*j - 29 = -24. Let y = j - -5. Suppose 2*o - 43 = r, 0*o + y*o - 5*r = 77. List the prime factors of o.
23
What are the prime factors of (-8)/(-108) + (-1527463)/(-837)?
5, 73
Let h = 1228 - -484. What are the prime factors of h?
2, 107
Suppose -20 + 8 = -3*c. Suppose 230 = 3*b + 5*q, 0 = c*q - 0 + 8. List the prime factors of b.
2, 5
Suppose 17*l - 43094 + 1529 = 0. List the prime factors of l.
3, 5, 163
Let i(j) = -j**3 - 16*j**2 + 7*j - 36. List the prime factors of i(-20).
2, 89
Let z = 25 + -22. Suppose 4*c = -5*s - 117, -z*s - 36 = -5*c + 12. What are the prime factors of s*((-32)/12 + 1)?
5, 7
Let c(u) = 8*u - u - 6*u - 7*u - 10. List the prime factors of c(-26).
2, 73
Suppose 0 = -5*l - 21 - 4. Let m be 2/2*(-10)/l. Suppose h + m*h - 102 = 0. List the prime factors of h.
2, 17
Suppose 6432 = 2*c - 4*t, 11*c + 12871 = 15*c - t. List the prime factors of c.
2, 1609
Let q = -15 - -17. Suppose 3*n - m - m = 103, 5*n + q*m = 161. What are the prime factors of n?
3, 11
Let s = 35 - 85. What are the prime factors of 277/5 + 20/s?
5, 11
Let r(c) = -3*c + 4. Let s be r(-2). Let a(l) = 19 + 14 - l**2 - s - l. What are the prime factors of a(0)?
23
Let k = 550 + -303. What are the prime factors of k?
13, 19
Let b = -24 + 27. Suppose -3*u = 5*j - 158 - 137, 3*u - 255 = b*j. Suppose 4*h = h + u. List the prime factors of h.
2, 3, 5
Let d = -22 + -14. Let g = d - -71. What are the prime factors of g?
5, 7
Let q(h) = 3*h**3 + 12*h**2 - h - 11. Let f(t) = -4*t**3 - 13*t**2 + t + 12. Let r(j) = 4*f(j) + 5*q(j). List the prime factors of r(7).
5, 7
Let t(s) = -11*s + 455. List the prime factors of t(37).
2, 3
Let t = 56 + -51. Suppose -4*n = -t*n + 46. What are the prime factors of n?
2, 23
Let n be 3/(-45)*-2 + (-12072)/90. Let c = 23 - n. List the prime factors of c.
157
Let k(l) = -l**2 - 8*l - 8. Suppose 6*p + 36 + 0 = 0. Let a be k(p). Suppose 0*u = 3*m + 3*u - 129, -a*m = -4*u - 172. What are the prime factors of m?
43
Let v(m) = -129*m - 102. List the prime factors of v(-6).
2, 3, 7
Let t = -1243 - -1787. Suppose -6*m + 50 + t = 0. List the prime factors of m.
3, 11
List the prime factors of (-525)/(-2) - 33/(-66).
263
Suppose 0 = 15*f - 10*f + 435. Let j = 37 - f. List the prime factors of j.
2, 31
Let l = -140 + 77. List the prime factors of 7/(l/(-12))*129.
2, 43
Let p = 117 + -110. List the prime factors of p/(126/(-60))*324/(-10).
2, 3
Suppose 4*s - 2*y = 0, -4*s - 3*y = -0*y. Suppose s = 6*l - 93 - 543. What are the prime factors of l?
2, 53
Let t(o) = -o**2 + 5*o. Let c be t(5). Let w = 262 + -259. Suppose -4*h + 105 = -c*f - 3*f, -2*h + 51 = -w*f. List the prime factors of h.
3
Let o(v) = 2*v**2 + 4*v**2 - 7*v - v**2 + 0*v**2. Let s be o(-3). Let i = -29 + s. List the prime factors of i.
37
List the prime factors of 60*(76/30)/((-15)/(-150)).
2, 5, 19
Let o be -11 + (0 - 4) + -3. Let f be o/(-45)*(-40)/(-2). Suppose -40 - f = -3*b. List the prime factors of b.
2
Suppose -534 + 1777 = 11*g. What are the prime factors of g?
113
Let w = 1911 + -310. List the prime factors of w.
1601
Let a(t) = 12*t**2 - 38*t + 8. What are the prime factors of a(6)?
2, 53
Suppose -2*v = -5*v - 57. Let b = v - -35. What are the prime factors of b?
2
Suppose 2*r = 5*m - 130, -2*r - 135 = -4*m - 3. Let u be -100 + 1 + 1 + -1. Let b = r - u. List the prime factors of b.
29
Let u(v) = v**3 - 11*v**2 + 11*v - 5. Let c be u(10). Suppose -c*f - 29 + 4 = 0. What are the prime factors of (-1)/1 - (f - 3)?
7
Suppose d - 4*r + 434 = 2*d, 5*d = -r + 2208. What are the prime factors of d?
2, 13, 17
Suppose 0 = 42*t + 50389 - 151147. List the prime factors of t.
2399
Let k(s) = 15*s**2 - 12*s - 12. Let t(y) = -16*y**2 + 13*y + 14. Let q(r) = 6*k(r) + 5*t(r). What are the prime factors of q(-5)?
283
What are the prime factors of (348/203)/((-6)/(-105))?
2, 3, 5
Suppose 6*h - 2068 = -5*h. Let d = -85 + h. What are the prime factors of d?
103
Let y(b) = b**3 - 6*b**2 + b - 1. Let a = -6 + 12. Let c be y(a). Suppose c*r = r + 60. List the prime factors of r.
3, 5
Let v be (-1)/5 - (-281)/5. Let z(f) = -f**3 - 23*f**2 - 23*f - 5. Let h be z(-22). Let s = v - h. List the prime factors of s.
3, 13
Suppose 3*a + 2*s + 240 = -s, 2*a + 3*s + 156 = 0. Let j = a + 194. What are the prime factors of j?
2, 5, 11
Suppose -5*h + 19 = -4*s, -2*h = 5*s + 5 - 39. Suppose m - 2*m - h = 0. Let w = m - -30. What are the prime factors of w?
23
List the prime factors of (3 - 19)*(402/(-4) + 2).
2, 197
Let l(n) = 51*n**3 - 5*n**2 + 6. List the prime factors of l(3).
2, 3, 223
Suppose 5*p = 763 - 38. List the prime factors of p.
5, 29
Suppose 5*i = 3*i - 2. Let o(q) = -11*q**2 + 2*q + 1. Let p be o(i). Let u = 40 + p. What are the prime factors of u?
2, 7
Let l = -17 - -40. Suppose -86 = -i + 5*q + l, 0 = -2*q - 2. What are the prime factors of i?
2, 13
Suppose l - 26 = -10. Suppose -5*f + 9 = -3*d - l, 2*f = -3*d + 10. Suppose -11 + 86 = 5*a + 4*k, d = 4*a - 2*k - 60. What are the prime factors of a?
3, 5
Suppose -4*h - 15642 = -5*c, 54*c = 51*c - h + 9392. What are the prime factors of c?
2, 5, 313
Suppose 46*x = -2*g + 50*x + 5356, 4*g - 10712 = 2*x. List the prime factors of g.
2, 13, 103
Let b = 11 - 11. Suppose -v - 2 = 1, b = -5*i + 4*v - 3. Let l = 5 + i. List the prime factors of l.
2
Let s be 22/(-99) - (-1847)/9. Suppose s*i = 204*i + 261. What are the prime factors of i?
3, 29
List the prime factors of 87256/130 - (2 + 4/(-5)).
2, 5, 67
Suppose c = 4*r - 5*r - 1, -2*c = 4*r. What are the prime factors of (-5 - c) + 16/2?
5
Let q(c) = 5*c + 1. Suppose -2*r + 6*r = 28. Let p(v) = v**3 - 6*v**2 - 7*v + 6. Let m be p(r). What are the prime factors of q(m)?
31
Let u(p) = 6*p**2 - 27*p - 323. What are the prime factors of u(28)?
5, 29
Suppose 4*i - 2*v = v - 160, -120 = 3*i - 3*v. Let z 